{"id":8704,"date":"2021-09-03T14:35:06","date_gmt":"2021-09-03T14:35:06","guid":{"rendered":"https:\/\/www.bobex.lu\/fr-lu\/isolation-du-toit\/prix-isolation-toiture\/"},"modified":"2021-09-03T14:35:06","modified_gmt":"2021-09-03T14:35:06","slug":"prix-isolation-toiture","status":"publish","type":"content","link":"https:\/\/www.bobex.lu\/fr-lu\/isolation-du-toit\/prix-isolation-toiture\/","title":{"rendered":"Prix isolation toiture"},"content":{"rendered":"<p><span>L\u2019isolation toiture est l\u2019une des solutions pour prot\u00e9ger votre int\u00e9rieur des variations de temp\u00e9ratures ext\u00e9rieures, qu\u2019elles soient glaciales ou \u00e9touffantes de chaleur. Elle vous permet en outre de r\u00e9aliser de vraies \u00e9conomies, puisque vous consommez moins d\u2019\u00e9nergie pour conserver une temp\u00e9rature ambiante confortable dans votre maison. Par cons\u00e9quent, vos factures son moins \u00e9lev\u00e9es, et la plan\u00e8te en profite aussi !<\/span><\/p>\n<div class=\"panel panel-primary panel-body\">\n<p><span style=\"color: #185da6; font-size: 16px;\"><strong>Ce que vous allez d\u00e9couvrir dans cet article :<\/strong><\/span><\/p>\n<ul>\n<li><span style=\"text-decoration: underline;\"><a href=\"#prix-toitures-plates\">Prix isolation toiture : quel est le prix des mat\u00e9riaux pour les toitures plates ?<\/a><\/span><\/li>\n<li><span style=\"text-decoration: underline;\"><a href=\"#prix-toitures-pentes\">Prix isolation toiture : quel est le prix des mat\u00e9riaux pour les toitures en pente ?<\/a><\/span><\/li>\n<li><span style=\"text-decoration: underline;\"><a href=\"#primes-et-aides\">Primes et aides de la R\u00e9gion<\/a><\/span><\/li>\n<\/ul>\n<\/div>\n<div class=\"row\">\n<div class=\"col-md-8\">\n<p id=\"prix-toitures-plates\">\n<h2><strong>Prix isolation toiture : quel est le prix des mat\u00e9riaux pour les toitures plates ?<\/strong><\/h2>\n<p>Avant toute chose, il faut savoir que le prix des travaux pour l\u2019isolation de votre toiture ne se r\u00e9sume pas au prix des mat\u00e9riaux. D\u2019autres facteurs vont rentrer en compte comme la surface de toiture a isoler, le type de toit, la technique utilis\u00e9e, la finition\u2026<\/p>\n<p>Voici une liste des prix des mat\u00e9riaux utilisables pour isoler votre toiture plate&nbsp;:<\/p>\n<table class=\"table table-striped table-bordered table-condensed table-hover\">\n<tr>\n<th>Mat\u00e9riau<\/th>\n<th>Prix au m\u00b2<\/th>\n<\/tr>\n<tr>\n<td>Polystyr\u00e8ne extrud\u00e9 6 cm<\/td>\n<td>23,40\u20ac\/m\u00b2<\/td>\n<\/tr>\n<tr>\n<td>Polystyr\u00e8ne expans\u00e9 6 cm<\/td>\n<td>18,20 \u20ac\/m\u00b2<\/td>\n<\/tr>\n<tr>\n<td>Laine de roche 10 cm<\/td>\n<td>19,20 \u20ac\/m\u00b2<\/td>\n<\/tr>\n<tr>\n<td>Verre cellulaire 8 cm<\/td>\n<td>58,40 \u20ac\/m\u00b2<\/td>\n<\/tr>\n<tr>\n<td>Polyur\u00e9thane 5 cm<\/td>\n<td>19 \u20ac\/m\u00b2<\/td>\n<\/tr>\n<tr>\n<td>Perlite 8 cm<\/td>\n<td>24,60 \u20ac\/m\u00b2<\/td>\n<\/tr>\n<\/table>\n<\/div>\n<div class=\"col-md-4\">\n<p><img decoding=\"async\" alt=\"Prix isolation toiture : Prix mat\u00e9riaux\" src=\"https:\/\/www.bobex.be\/shared\/be-fr-isolation-toit-2.JPG\" width=\"554\" height=\"358\" \/><\/p>\n<\/div>\n<div class=\"row\">\n<div class=\"col-md-12\">\n<p id=\"prix-toitures-pentes\">\n<h2><strong>Prix isolation toiture : quel est le prix des mat\u00e9riaux pour les toitures en pente ?<\/p>\n<p><\/strong><\/h2>\n<p>Pour les toitures en pente, d\u2019autres mat\u00e9riaux sont utilis\u00e9s :<\/p>\n<table class=\"table table-striped table-bordered table-condensed table-hover\">\n<tr style=\"height: 26px;\">\n<th style=\"height: 26px;\">Mat\u00e9riau<\/th>\n<th style=\"height: 26px;\">Prix<\/th>\n<\/tr>\n<tr style=\"height: 26px;\">\n<td style=\"height: 26px;\">Laine de roche 10 cm<\/td>\n<td style=\"height: 26px;\">13 \u20ac\/m\u00b2<\/td>\n<\/tr>\n<tr style=\"height: 26px;\">\n<td style=\"height: 26px;\">Laine de verre avec voile de verre jaune\/noir&nbsp;<\/td>\n<td style=\"height: 26px;\">24,40 \u20ac\/m\u00b2<\/td>\n<\/tr>\n<tr style=\"height: 26px;\">\n<td style=\"height: 26px;\">Panneau de laine de verre sans rev\u00eatement 12 cm&nbsp;<\/td>\n<td style=\"height: 26px;\">20,10 \u20ac\/m\u00b2<\/td>\n<\/tr>\n<tr style=\"height: 26px;\">\n<td style=\"height: 26px;\">Matelas \u00e0 languettes en laine de verre 12 cm<\/td>\n<td style=\"height: 26px;\">15,30 \u20ac\/m\u00b2<\/td>\n<\/tr>\n<tr style=\"height: 26px;\">\n<td style=\"height: 26px;\">Plaque de laine de chanvre 18 cm&nbsp;<\/td>\n<td style=\"height: 26px;\">34,60 \u20ac\/m\u00b2<\/td>\n<\/tr>\n<tr style=\"height: 26px;\">\n<td style=\"height: 26px;\">PIR 6 cm<\/td>\n<td style=\"height: 26px;\">24,90 \u20ac\/m\u00b2 ou 30,50 \u20ac\/m\u00b2<\/td>\n<\/tr>\n<\/table>\n<\/div>\n<div class=\"row\">\n<div style=\"text-align: center;\" class=\"col-md-12\"><span style=\"background-color: #ffffff; color: #185da6; font-size: 24px;\"><strong><br \/>Envie de comparer les prix pour l&rsquo;isolation de votre toiture?<\/strong><br \/><\/span><br \/>&nbsp; <a style=\"width: 400px;\" class=\"btn-base-bg-slide btn-slide btn-slide-right btn-base-md radius-3 bg-b2c active\" href=\"https:\/\/www.bobex.lu\/fr-lu\/isolation-du-toit\/#ppp\">Comparer des offres de prix<\/a>&nbsp;<\/p>\n<hr \/>\n<\/div>\n<\/div>\n<\/div>\n<\/div>\n<div class=\"row\">\n<div class=\"col-xs-12\">\n<p id=\"primes-et-aides\">\n<h2 style=\"text-align: center;\"><strong>Primes et aides de la R\u00e9gion<\/strong><\/h2>\n<\/div>\n<\/div>\n<p><\/p>\n<div class=\"row\">\n<div class=\"col-xs-6\">\n<p><span>Les R\u00e9gions peuvent proposer des aides aux travaux d\u2019isolation.<\/span><\/p>\n<p>En Wallonie&nbsp;:<\/p>\n<p>&nbsp;<\/p>\n<ul>\n<li>Primes&nbsp;: Pour obtenir une prime de la r\u00e9gion pour votre isolation toiture, vous devez d\u2019abord remplir le formulaire de l\u2019avertissement pr\u00e9alable et l\u2019envoyer au D\u00e9partement de l\u2019Energie et du B\u00e2timent durable. Si vos travaux sont accept\u00e9s, vous pourrez ensuite effectuer vos travaux et faire votre demande de prime. Vous devez avoir un droit r\u00e9el sur l\u2019habitation concern\u00e9e et celle-ci doit \u00eatre utilis\u00e9e comme logement depuis au moins 20 ans. La r\u00e9sistance thermique R doit elle \u00eatre sup\u00e9rieure ou \u00e9gale \u00e0 4.5 m\u00b2 K\/W. Si les travaux sont effectu\u00e9s par un entrepreneur, vous b\u00e9n\u00e9ficierez alors de 15\u20ac\/m\u00b2, et de 6\u20ac\/m\u00b2 si vous faites vos travaux seul (dans tous les cas, le seuil maximum d\u2019aide est de 150 m\u00b2). Ce montant peut \u00eatre major\u00e9 en fonction de vos revenus (qui doivent \u00eatre inf\u00e9rieurs \u00e0 93 000\u20ac par m\u00e9nage). Dans tous les cas, la somme accord\u00e9e ne peut pas d\u00e9passer 75% de la facture TVA comprise.<\/li>\n<\/ul>\n<p>&nbsp;<\/p>\n<ul>\n<li>R\u00e9duction d\u2019imp\u00f4ts&nbsp;: en 2018, le gouvernement wallon propose une r\u00e9duction d\u2019imp\u00f4ts de 30% sur la somme de la facture (TVA comprise). La maison concern\u00e9e doit avoir au moins 5 ans et la r\u00e9duction sera limit\u00e9e \u00e0 3130<sup>e<\/sup> en 2018 sur les revenus de 2017.<\/li>\n<\/ul>\n<p>&nbsp;<\/p>\n<ul>\n<li>Taux de TVA r\u00e9duit&nbsp;: si les travaux sont r\u00e9alis\u00e9s sur une maison priv\u00e9e, que les travaux sont effectu\u00e9s par un entrepreneur reconnu et que votre maison a plus de 10 ans, vous pouvez pr\u00e9tendre \u00e0 une r\u00e9duction de la TVA \u00e0 6% au lieu de 12%.<\/li>\n<\/ul>\n<p><\/p>\n<p>A Bruxelles \u2013Capitale&nbsp;:<\/p>\n<ul>\n<li>Primes&nbsp;: pour obtenir une prime de la R\u00e9gion pour votre isolation toiture, vous devez d\u2019abord effectuer les travaux. Apr\u00e8s vous pouvez envoyer votre dossier de candidature \u00e0 la prime au D\u00e9partement de l\u2019Environnement de Bruxelles. La r\u00e9sistance thermique R doit \u00eatre de minimum 4m\u00b2 K\/W. Vous pourrez alors pr\u00e9tendre \u00e0 une prime entre 15 et 25 euros par m\u00e8tre carr\u00e9, selon vos revenus. Une majoration de 10\u20ac\/m\u00b2 pourra \u00eatre appliqu\u00e9e si l\u2019isolant que vous avez choisi est naturel (chanvre, laine, lin\u2026). Le montant total de la prime ne peut jamais d\u00e9passer le montant total de la facture TVA comprise.<\/li>\n<\/ul>\n<p><\/p>\n<ul>\n<li>R\u00e9duction d\u2019imp\u00f4t&nbsp;: Cette mesure ne s\u2019applique pas \u00e0 la R\u00e9gion Bruxelles-Capitale, qui l\u2019a supprim\u00e9e.<\/li>\n<\/ul>\n<p><\/p>\n<ul>\n<li>Taux de TVA r\u00e9duit&nbsp;: si les travaux sont r\u00e9alis\u00e9s sur une maison priv\u00e9e, que les travaux sont effectu\u00e9s par un entrepreneur reconnu et que votre maison a plus de 10 ans, vous pouvez pr\u00e9tendre \u00e0 une r\u00e9duction de la TVA \u00e0 6% au lieu de 12%.<\/li>\n<\/ul>\n<\/div>\n<div style=\"text-align: center;\" class=\"col-xs-6\"><img decoding=\"async\" alt=\"Isolation toiture : primes et aides\" src=\"https:\/\/www.bobex.be\/shared\/be-fr-%C3%A9conomie-isolation.JPG\" width=\"501\" height=\"484\" \/><\/div>\n<\/div>\n","protected":false},"featured_media":0,"parent":0,"template":"","meta":{"business":"8026","footnotes":""},"class_list":["post-8704","content","type-content","status-publish","hentry"],"_links":{"self":[{"href":"https:\/\/www.bobex.lu\/fr-lu\/wp-json\/wp\/v2\/content\/8704","targetHints":{"allow":["GET"]}}],"collection":[{"href":"https:\/\/www.bobex.lu\/fr-lu\/wp-json\/wp\/v2\/content"}],"about":[{"href":"https:\/\/www.bobex.lu\/fr-lu\/wp-json\/wp\/v2\/types\/content"}],"version-history":[{"count":0,"href":"https:\/\/www.bobex.lu\/fr-lu\/wp-json\/wp\/v2\/content\/8704\/revisions"}],"wp:attachment":[{"href":"https:\/\/www.bobex.lu\/fr-lu\/wp-json\/wp\/v2\/media?parent=8704"}],"curies":[{"name":"wp","href":"https:\/\/api.w.org\/{rel}","templated":true}]}}

<p><span>L’isolation toiture est l’une des solutions pour protéger votre intérieur des variations de températures extérieures, qu’elles soient glaciales ou étouffantes de chaleur. Elle vous permet en outre de réaliser de vraies économies, puisque vous consommez moins d’énergie pour conserver une température ambiante confortable dans votre maison. Par conséquent, vos factures son moins élevées, et la planète en profite aussi !</span></p>
<div class="panel panel-primary panel-body">
<p><span style="color: #185da6; font-size: 16px;"><strong>Ce que vous allez découvrir dans cet article :</strong></span></p>
<ul>
<li><span style="text-decoration: underline;"><a href="#prix-toitures-plates">Prix isolation toiture : quel est le prix des matériaux pour les toitures plates ?</a></span></li>
<li><span style="text-decoration: underline;"><a href="#prix-toitures-pentes">Prix isolation toiture : quel est le prix des matériaux pour les toitures en pente ?</a></span></li>
<li><span style="text-decoration: underline;"><a href="#primes-et-aides">Primes et aides de la Région</a></span></li>
</ul>
</div>
<div class="row">
<div class="col-md-8">
<p id="prix-toitures-plates">
<h2><strong>Prix isolation toiture : quel est le prix des matériaux pour les toitures plates ?</strong></h2>
<p>Avant toute chose, il faut savoir que le prix des travaux pour l’isolation de votre toiture ne se résume pas au prix des matériaux. D’autres facteurs vont rentrer en compte comme la surface de toiture a isoler, le type de toit, la technique utilisée, la finition…</p>
<p>Voici une liste des prix des matériaux utilisables pour isoler votre toiture plate&nbsp;:</p>
<table class="table table-striped table-bordered table-condensed table-hover">
<tr>
<th>Matériau</th>
<th>Prix au m²</th>
</tr>
<tr>
<td>Polystyrène extrudé 6 cm</td>
<td>23,40€/m²</td>
</tr>
<tr>
<td>Polystyrène expansé 6 cm</td>
<td>18,20 €/m²</td>
</tr>
<tr>
<td>Laine de roche 10 cm</td>
<td>19,20 €/m²</td>
</tr>
<tr>
<td>Verre cellulaire 8 cm</td>
<td>58,40 €/m²</td>
</tr>
<tr>
<td>Polyuréthane 5 cm</td>
<td>19 €/m²</td>
</tr>
<tr>
<td>Perlite 8 cm</td>
<td>24,60 €/m²</td>
</tr>
</table>
</div>
<div class="col-md-4">
<p><img decoding="async" alt="Prix isolation toiture : Prix matériaux" src="https://www.bobex.be/shared/be-fr-isolation-toit-2.JPG" width="554" height="358" /></p>
</div>
<div class="row">
<div class="col-md-12">
<p id="prix-toitures-pentes">
<h2><strong>Prix isolation toiture : quel est le prix des matériaux pour les toitures en pente ?</p>
<p></strong></h2>
<p>Pour les toitures en pente, d’autres matériaux sont utilisés :</p>
<table class="table table-striped table-bordered table-condensed table-hover">
<tr style="height: 26px;">
<th style="height: 26px;">Matériau</th>
<th style="height: 26px;">Prix</th>
</tr>
<tr style="height: 26px;">
<td style="height: 26px;">Laine de roche 10 cm</td>
<td style="height: 26px;">13 €/m²</td>
</tr>
<tr style="height: 26px;">
<td style="height: 26px;">Laine de verre avec voile de verre jaune/noir&nbsp;</td>
<td style="height: 26px;">24,40 €/m²</td>
</tr>
<tr style="height: 26px;">
<td style="height: 26px;">Panneau de laine de verre sans revêtement 12 cm&nbsp;</td>
<td style="height: 26px;">20,10 €/m²</td>
</tr>
<tr style="height: 26px;">
<td style="height: 26px;">Matelas à languettes en laine de verre 12 cm</td>
<td style="height: 26px;">15,30 €/m²</td>
</tr>
<tr style="height: 26px;">
<td style="height: 26px;">Plaque de laine de chanvre 18 cm&nbsp;</td>
<td style="height: 26px;">34,60 €/m²</td>
</tr>
<tr style="height: 26px;">
<td style="height: 26px;">PIR 6 cm</td>
<td style="height: 26px;">24,90 €/m² ou 30,50 €/m²</td>
</tr>
</table>
</div>
<div class="row">
<div style="text-align: center;" class="col-md-12"><span style="background-color: #ffffff; color: #185da6; font-size: 24px;"><strong><br />Envie de comparer les prix pour l&rsquo;isolation de votre toiture?</strong><br /></span><br />&nbsp; <a style="width: 400px;" class="btn-base-bg-slide btn-slide btn-slide-right btn-base-md radius-3 bg-b2c active" href="https://www.bobex.lu/fr-lu/isolation-du-toit/#ppp">Comparer des offres de prix</a>&nbsp;</p>
<hr />
</div>
</div>
</div>
</div>
<div class="row">
<div class="col-xs-12">
<p id="primes-et-aides">
<h2 style="text-align: center;"><strong>Primes et aides de la Région</strong></h2>
</div>
</div>
<p></p>
<div class="row">
<div class="col-xs-6">
<p><span>Les Régions peuvent proposer des aides aux travaux d’isolation.</span></p>
<p>En Wallonie&nbsp;:</p>
<p>&nbsp;</p>
<ul>
<li>Primes&nbsp;: Pour obtenir une prime de la région pour votre isolation toiture, vous devez d’abord remplir le formulaire de l’avertissement préalable et l’envoyer au Département de l’Energie et du Bâtiment durable. Si vos travaux sont acceptés, vous pourrez ensuite effectuer vos travaux et faire votre demande de prime. Vous devez avoir un droit réel sur l’habitation concernée et celle-ci doit être utilisée comme logement depuis au moins 20 ans. La résistance thermique R doit elle être supérieure ou égale à 4.5 m² K/W. Si les travaux sont effectués par un entrepreneur, vous bénéficierez alors de 15€/m², et de 6€/m² si vous faites vos travaux seul (dans tous les cas, le seuil maximum d’aide est de 150 m²). Ce montant peut être majoré en fonction de vos revenus (qui doivent être inférieurs à 93 000€ par ménage). Dans tous les cas, la somme accordée ne peut pas dépasser 75% de la facture TVA comprise.</li>
</ul>
<p>&nbsp;</p>
<ul>
<li>Réduction d’impôts&nbsp;: en 2018, le gouvernement wallon propose une réduction d’impôts de 30% sur la somme de la facture (TVA comprise). La maison concernée doit avoir au moins 5 ans et la réduction sera limitée à 3130<sup>e</sup> en 2018 sur les revenus de 2017.</li>
</ul>
<p>&nbsp;</p>
<ul>
<li>Taux de TVA réduit&nbsp;: si les travaux sont réalisés sur une maison privée, que les travaux sont effectués par un entrepreneur reconnu et que votre maison a plus de 10 ans, vous pouvez prétendre à une réduction de la TVA à 6% au lieu de 12%.</li>
</ul>
<p></p>
<p>A Bruxelles –Capitale&nbsp;:</p>
<ul>
<li>Primes&nbsp;: pour obtenir une prime de la Région pour votre isolation toiture, vous devez d’abord effectuer les travaux. Après vous pouvez envoyer votre dossier de candidature à la prime au Département de l’Environnement de Bruxelles. La résistance thermique R doit être de minimum 4m² K/W. Vous pourrez alors prétendre à une prime entre 15 et 25 euros par mètre carré, selon vos revenus. Une majoration de 10€/m² pourra être appliquée si l’isolant que vous avez choisi est naturel (chanvre, laine, lin…). Le montant total de la prime ne peut jamais dépasser le montant total de la facture TVA comprise.</li>
</ul>
<p></p>
<ul>
<li>Réduction d’impôt&nbsp;: Cette mesure ne s’applique pas à la Région Bruxelles-Capitale, qui l’a supprimée.</li>
</ul>
<p></p>
<ul>
<li>Taux de TVA réduit&nbsp;: si les travaux sont réalisés sur une maison privée, que les travaux sont effectués par un entrepreneur reconnu et que votre maison a plus de 10 ans, vous pouvez prétendre à une réduction de la TVA à 6% au lieu de 12%.</li>
</ul>
</div>
<div style="text-align: center;" class="col-xs-6"><img decoding="async" alt="Isolation toiture : primes et aides" src="https://www.bobex.be/shared/be-fr-%C3%A9conomie-isolation.JPG" width="501" height="484" /></div>
</div>
