{"id":9576,"date":"2021-09-10T16:15:52","date_gmt":"2021-09-10T16:15:52","guid":{"rendered":"https:\/\/www.bobex.lu\/fr-lu\/air-conditionne\/air-conditionne-devis\/"},"modified":"2023-03-13T09:05:29","modified_gmt":"2023-03-13T09:05:29","slug":"air-conditionne-devis","status":"publish","type":"content","link":"https:\/\/www.bobex.lu\/fr-lu\/air-conditionne\/air-conditionne-devis\/","title":{"rendered":"Air conditionn\u00e9 &#8211; Devis"},"content":{"rendered":"<p><strong>Sensible au chaud<\/strong> en \u00e9t\u00e9 et au froid en hiver? Un vent nouveau souffle en votre faveur! D\u00e9couvrez les offres de nos experts en <strong>climatisation<\/strong> pour votre maison ou bureau.<br>\n<br><br><br>\nAvec l&rsquo;air conditionn\u00e9, vous pouvez toujours profiter d&rsquo;une temp\u00e9rature ambiante. <a href=\"#form\">Demandez \u00e0 nos partenaires<\/a> pour plus d&rsquo;informations et comparez les prix gratuitement sans engagement.<br>\n<\/p>\n\n\n\n<p><\/p>","protected":false},"featured_media":0,"parent":0,"template":"","meta":{"business":"7675","footnotes":""},"class_list":["post-9576","content","type-content","status-publish","hentry"],"_links":{"self":[{"href":"https:\/\/www.bobex.lu\/fr-lu\/wp-json\/wp\/v2\/content\/9576","targetHints":{"allow":["GET"]}}],"collection":[{"href":"https:\/\/www.bobex.lu\/fr-lu\/wp-json\/wp\/v2\/content"}],"about":[{"href":"https:\/\/www.bobex.lu\/fr-lu\/wp-json\/wp\/v2\/types\/content"}],"version-history":[{"count":1,"href":"https:\/\/www.bobex.lu\/fr-lu\/wp-json\/wp\/v2\/content\/9576\/revisions"}],"predecessor-version":[{"id":11107,"href":"https:\/\/www.bobex.lu\/fr-lu\/wp-json\/wp\/v2\/content\/9576\/revisions\/11107"}],"wp:attachment":[{"href":"https:\/\/www.bobex.lu\/fr-lu\/wp-json\/wp\/v2\/media?parent=9576"}],"curies":[{"name":"wp","href":"https:\/\/api.w.org\/{rel}","templated":true}]}}

Air conditionné &#8211; Devis

<p><strong>Sensible au chaud</strong> en été et au froid en hiver? Un vent nouveau souffle en votre faveur! Découvrez les offres de nos experts en <strong>climatisation</strong> pour votre maison ou bureau.<br>
<br><br><br>
Avec l&rsquo;air conditionné, vous pouvez toujours profiter d&rsquo;une température ambiante. <a href="#form">Demandez à nos partenaires</a> pour plus d&rsquo;informations et comparez les prix gratuitement sans engagement.<br>
</p>



<p></p>
